 + 0*z + 1 - 5. Suppose -2*q - 3*q + 15 = 0. Calculate the remainder when c(q) is divided by 3.
2
Let z(p) = -p + 16. Let c be z(9). Suppose -8 = -3*l + c. Suppose j - l*j + 8 = 0. What is the remainder when j is divided by 1?
0
Let k = -44 + 45. What is the remainder when 0 - (-3)/(-2 + 5) is divided by k?
0
Suppose -11*f + 284 = -167. What is the remainder when f is divided by -3 + 2 - -3*5?
13
Suppose k - 11 = 12. Calculate the remainder when k is divided by 13.
10
Suppose 2*x + 0*x = -3*u + 24, -2*x + 16 = u. What is the remainder when 21 is divided by x?
3
Let v = 73 + -50. Let n = -1 + 11. Suppose 6*a = n*a - 32. Calculate the remainder when v is divided by a.
7
Let v(i) = i**2 + 5*i + 6. Let a = -1 - 3. What is the remainder when 22/a*2*-2 is divided by v(-5)?
4
Let b be 4 + -1 + -4 + 1. Suppose b = -3*h + 4*o + 5, -5*h + 27 = -o - o. What is the remainder when 11 is divided by h?
4
Let m(c) = 20*c**2. Calculate the remainder when 58 is divided by m(-1).
18
Let s = 103 - 83. Calculate the remainder when 31 is divided by s.
11
Suppose 0 = -4*r + 3*l + 35 + 2, 3*r + 2*l - 15 = 0. What is the remainder when 38 is divided by r?
3
Suppose -25 = -5*i, -3*c + 8 = -i - 2. Let v(b) = b**3 - 5*b**2 + 4. Let q = 17 - 6. What is the remainder when q is divided by v(c)?
3
Let v be 8/3*9/(-2). Let a(c) = c**3 + 5*c**2 - c - 3. What is the remainder when a(-4) is divided by ((-9)/(-2))/((-9)/v)?
5
Let n = 2 + -4. What is the remainder when 21 - (n/2 - 1) is divided by 12?
11
What is the remainder when (-148 - -6)*1/(-2) is divided by 24?
23
Suppose 4*k - 137 = -3*f, f = -0*k + k + 55. Calculate the remainder when f is divided by 13.
12
Suppose -3 - 1 = -w. Calculate the remainder when 6 is divided by w.
2
Calculate the remainder when (462/(-49))/((-2)/14) is divided by 17.
15
Suppose -20 = g - 5*g. Suppose 3*k = 5*k. Suppose a + 4*a - 65 = k. Calculate the remainder when a is divided by g.
3
Suppose -4*x - v + 76 = 0, 2*v - 10 = x - 29. What is the remainder when 53 is divided by x?
15
Suppose y - 3*i - 25 = 0, 4*y = y + 4*i + 80. Calculate the remainder when 80 is divided by y.
24
Suppose -2*b + 0*b = 54. Let q = -18 - b. What is the remainder when 17 is divided by q?
8
Let f = 0 - 0. Suppose 9*m - 42 = 4*m + 2*l, f = 5*m - l - 41. Calculate the remainder when 1/((-14)/15 + 1) is divided by m.
7
Let c(i) = -i**2 + 23*i + 47. What is the remainder when c(20) is divided by 22?
19
Suppose 0 = -3*d + 42 - 12. Calculate the remainder when d is divided by 6.
4
Suppose -3*i + 0*v + 2*v + 7 = 0, v = -2*i + 14. Suppose -5*g + 5*m - 10 = 0, 3*g + 4*m + 6 = m. What is the remainder when g/4 + 17/2 is divided by i?
3
Let k = -11 + 27. Suppose 4*b + k = 0, 4*y + 2*b + b = 4. Calculate the remainder when 13 is divided by y.
1
Let q = -122 - -166. Calculate the remainder when q is divided by 16.
12
Let o be 1/(0 + (-3)/(-9)). Suppose 50 = o*h - h. Calculate the remainder when 73 is divided by h.
23
Let l be 6/8 + 548/16. Suppose 5*w = -20, w = -3*p + 6*w + l. Let d = p - -1. What is the remainder when 10 is divided by d?
4
Let f = 30 - 14. Suppose -2*b - 126 = -5*b. Suppose s - b = -12. Calculate the remainder when s is divided by f.
14
Let c be (-60)/(3/9*-2). Suppose -5*y - 2*d + 176 = 0, 2*y + 7 - c = -5*d. Calculate the remainder when y is divided by 18.
16
Let j be (2 - 3)*(0 - 11). Let z = -1 - j. Let o = -5 - z. What is the remainder when 13 is divided by o?
6
Suppose 0 = -h - h + 2. Calculate the remainder when 13 is divided by 6 + -7 + (7 - h).
3
Suppose -v = -1 - 7. Let c(d) = d + 6. Calculate the remainder when c(v) is divided by 8.
6
Let k be ((-10)/6)/(6/(-18)). Suppose 0 = k*i + p + p, -i + 4*p + 22 = 0. Calculate the remainder when i is divided by 1.
0
Let g(q) = -q**2 + 10. What is the remainder when -7 - -7 - 4/(-2) is divided by g(-3)?
0
Suppose p = -2*p + 3. What is the remainder when 34 is divided by -2 + 1 - -11 - p?
7
Suppose -2*f - 4*i - 21 + 7 = 0, 2*i = -3*f - 13. Calculate the remainder when 36 is divided by 11 - ((f - -1) + 0).
10
Let o be ((-33)/9 + 3)*12. Calculate the remainder when 17 is divided by ((-18)/o)/(2/8).
8
Suppose -2*l - 21 = l. What is the remainder when (-8 - 0)/(2/l) is divided by 15 + 2 + -3 - -1?
13
Let g(b) = b**2 + 7*b - 2. Let z be g(-6). Let k(a) be the third derivative of -a**4/24 - 5*a**3/6 - 4*a**2. Calculate the remainder when 5 is divided by k(z).
2
Suppose -2*k - 42 = -5*k. Let l(d) = 110*d + 45. Let x(w) = 10*w + 4. Let m(g) = 4*l(g) - 45*x(g). What is the remainder when m(-4) is divided by k?
12
Suppose -2*v = -6, 3*t = t + 5*v - 407. Calculate the remainder when 58 is divided by 6/15 + t/(-10).
18
What is the remainder when 741/12 + (-1)/(-4) is divided by 13?
10
Suppose v + 3*v + 2*x - 46 = 0, x = 4*v - 31. What is the remainder when 358/14 + 18/42 is divided by v?
8
Let u = -14 - -12. Let l = 41 + u. Calculate the remainder when l is divided by 8.
7
Suppose -16*t + 18*t - 68 = 0. Calculate the remainder when t is divided by 14.
6
Let o be (-2)/(-2) + (-6 - -3). Let z be 0/(-3) + 1 + o. Calculate the remainder when 18 is divided by 22/2 + z/1.
8
Let m(j) = 2*j**2 + 2*j. Suppose -53 = -4*u - 3*l, 5*u + 3*l = 40 + 24. What is the remainder when m(4) is divided by u?
7
Suppose -n = -3*n - 40. What is the remainder when 5 + -6 + n/(-1) is divided by 10?
9
Suppose 0 = 3*x - 3, -3*u - 2*x + 318 = -u. What is the remainder when u is divided by 23?
20
Let n = -9 + 20. Let g = n - 5. What is the remainder when 11 is divided by g?
5
Suppose 0 = -4*l - 4, z = 4*z + 5*l - 1. What is the remainder when 7 is divided by z?
1
Let i(d) = -d**3 - 6*d**2 - 3*d + 1. Let g be (-17)/3 + 10/15. Let v = g - -15. Calculate the remainder when i(-6) is divided by v.
9
Let z be 2 - (-1 + 1) - 3. Let v(k) = -31*k + 3. Let r(p) = 31*p - 4. Let g(d) = 3*r(d) + 4*v(d). Calculate the remainder when g(z) is divided by 11.
9
Let w = 203 - 115. What is the remainder when w is divided by 10?
8
Suppose -n + 0*y = -4*y - 24, -3*n - 3*y = -147. Suppose 0 = -3*z + 2*l + 49, l + 3*l = -4*z + 52. What is the remainder when n is divided by z?
14
Suppose -12*p = 2*p - 322. Calculate the remainder when p is divided by 6.
5
Suppose 0 = -2*z - 2*w + 112, 4*z - 39 = -3*w + 183. What is the remainder when z is divided by 19?
16
Suppose 0 = 3*r - 6. Suppose 3*o = 3*j - 15, r*j - 4*o - 2 = 4. Calculate the remainder when j is divided by 5.
2
Suppose 0 = -o + 3, 4*o = -2*a + 17 + 15. Let v = a - 7. Calculate the remainder when 5 is divided by v.
2
Suppose -6*n = -3*n - 159. Calculate the remainder when n is divided by 28.
25
What is the remainder when 7/(-63) + 2622/27 is divided by 20?
17
Let r(j) = -j**2 - 8*j - 1. Let w be r(-5). Let n = w + -6. What is the remainder when 22 is divided by n?
6
Let b be (1*(-2 + 2))/3. Suppose -4*w + 24 = 5*t - b*t, -10 = -2*t - 2*w. What is the remainder when t is divided by 2?
0
Calculate the remainder when (-3)/(-6) + 135/2 is divided by 19.
11
Suppose -m - 1 = 5*g + 2, m = 2*g - 3. Suppose 5*x - 26 + 67 = d, g = 2*x. Suppose 13 = -5*v + 83. Calculate the remainder when d is divided by v.
13
Suppose -f - 21 = -2*f. Let u(a) = -a**3 + 6*a**2 + 9*a - 13. Calculate the remainder when u(6) is divided by f.
20
Let n be 9/12 - (-53)/4. Suppose -16*w + n*w + 18 = 0. Calculate the remainder when 34 is divided by w.
7
Suppose v - 11 - 24 = 3*r, 0 = 5*v - 4*r - 131. What is the remainder when 85 is divided by v?
16
Let a be -1 + 4 + (-1)/1. Suppose a*r = r + 7. Calculate the remainder when 12 is divided by r.
5
Suppose -5*f + 3*g + 40 = -54, 4*g - 8 = 0. Suppose -1 = 2*v - 15. What is the remainder when f is divided by v?
6
Let g(s) = s**2 - s - 2. Let w be g(-2). Suppose w*q - q = -15, 0 = v + 2*q + 8. What is the remainder when 5 is divided by v?
1
Let h = 19 - 22. Suppose j + 6*l = 5*l + 37, -3*l = -4*j + 113. What is the remainder when j is divided by 11 - ((-1 - h) + -2)?
10
Let m(u) = u**2 - 5*u - 3. Calculate the remainder when m(-5) is divided by 12.
11
Suppose -1 = n - 9. What is the remainder when 32 is divided by n?
0
Let q = 90 + -68. What is the remainder when q is divided by 15?
7
Let d(v) = -22*v - 2. Let w(y) = 2*y - 7. Let m be w(5). Let n be d(m). Calculate the remainder when 20 is divided by n/(-6) - 1/3.